 - 29. Is x(-8) composite?
False
Let d = 43 - 44. Let u be ((-3 - -3)/(-9))/(d + -1). Suppose u = -3*a - 3*f + 2085, 2*a - 1560 = 4*f - 194. Is a a composite number?
False
Suppose 28*b = 3*d + 33*b - 7136, -3*b = 5*d - 11920. Let w = 356 + d. Is w a prime number?
False
Suppose -10 = -2*d, 5*o - 7*d + 2*d = 55195. Suppose 4*t - o = 5*k, -3*k = -6*k. Let a = -1512 + t. Is a a prime number?
True
Let d be ((-180)/(-50))/((-2)/(-10)). Let y = -22 - d. Let g = 91 + y. Is g a composite number?
True
Let n = 9074 - 6253. Suppose -n - 119519 = -12*f. Is f a composite number?
True
Is (2 + 5 + 14072*6)*1 prime?
False
Let f be 5 + (353395/5)/7. Let z = f - -2503. Is z composite?
True
Let r(a) = -10*a**3 + 16*a**2 - 32*a + 35. Let v be r(9). Is 4 - 6 - v - (-4 - -2) composite?
False
Let x be ((-2)/(-5))/(1/(-2))*5. Let f be (-38)/x + 0 - (-2)/4. Suppose 123 = 7*d - f. Is d a prime number?
True
Let o = -98 + 100. Suppose o*u = q + 4425, 2*u = 6*u + 2*q - 8870. Is u prime?
False
Let b be 12/(-90) - (-681)/45. Is (-2 - (-907)/3)/(5/b) prime?
False
Let w(a) = -100170*a - 4895. Is w(-8) prime?
False
Let k(b) = 417*b**2 + 408*b - 4069. Is k(10) composite?
True
Let s(k) = k**3 - 4*k**2 - 6*k + 8. Let j be s(10). Suppose 0 = 3*n - 5*n - j. Let m = n - -719. Is m a prime number?
False
Let r(m) = -m**2 - 4. Let z be r(-3). Let h = 712 + -432. Let j = h - z. Is j prime?
True
Let x be (3 + 5566/6)/(6/63). Suppose -1967 = 7*d - x. Is d prime?
False
Let q = 124590 + -71189. Is q a composite number?
False
Let m be ((-138)/(-5))/(((-22)/2570)/(-11)). Suppose -m = -19*i - 5237. Is i a prime number?
False
Is ((-214)/4)/((-217)/1086302) prime?
False
Suppose 18*j - 16*j = 0. Let w(t) = 2*t**2 + t + 2. Let u be w(j). Suppose 4*h - 3*f = u*h + 777, 787 = 2*h - 5*f. Is h a prime number?
False
Let z(i) = 165200*i + 237. Is z(1) a prime number?
True
Let f(c) = 4553*c - 4736. Is f(57) a composite number?
True
Let d(n) = 3496*n**2 + 1 + 4 - 2965*n**2. Is d(-4) composite?
False
Is (121379389/(-916))/(13/(-4) + 1 - -2) a composite number?
False
Let o be ((0 - 2) + 1)*-2. Suppose v = 3*x + 57, 33 = 4*v - 3*v + 5*x. Suppose -o*g = -734 - v. Is g composite?
True
Is -7 + 12 + 32826*6 prime?
True
Let p(z) = -3*z**3 + 6*z**2 + 10*z. Let v be (-96)/8*(-9)/(-2). Let w = v - -47. Is p(w) a prime number?
False
Suppose 3*o - 5*h + 14573 = -4597, o + 2*h = -6390. Let w = -4057 - o. Is w a composite number?
False
Suppose -8*b - 112203 = -15*b. Suppose 0 = -8*o + b + 8979. Is 1/1*o/(-6)*-1 prime?
True
Let y = -9 + 11. Suppose 16 = y*h + 6*h. Is (3 - 0)*h*7076/24 a prime number?
False
Is 407/132*53818 + 2/12 a composite number?
True
Let j(x) = -x**2 + 8*x - 11. Let s be j(6). Let w be ((-308)/70)/(s/(-35)). Suppose w = 4*b - 130. Is b prime?
True
Suppose 22261 = r + 2*b, 6*r - 2*r - b - 89017 = 0. Let m = r - 9909. Is m a composite number?
True
Let a = 25892 + -5257. Is a a prime number?
False
Let j(l) = 890*l + 2. Let y(n) = -891*n - 1. Let z(i) = -4*j(i) - 5*y(i). Let o(t) = 1789*t - 6. Let u(r) = 3*o(r) - 5*z(r). Is u(1) prime?
False
Suppose 9*h - 84 = -5*h. Is 634 + -10*h/12 prime?
False
Let g(q) = -5 - 4 + 15 + q**3 + 8*q + 5*q**2. Let c be g(-3). Suppose c = -i - 5*i + 7554. Is i composite?
False
Suppose 20*c + 44*c - 64082097 = -17*c. Is c composite?
False
Let z(l) = -l**2 + 3*l + 56. Let n be z(-6). Suppose 4*w - n*w = -3*x + 6562, -4*w - 5*x = -13128. Is w composite?
True
Suppose -n + 51 = -59. Let x = 114 - n. Suppose 6*r = 5*r - 4, -x*y = 2*r - 9268. Is y a prime number?
False
Let k = 133 + -773. Is (3 - (k + -6))/1 a prime number?
False
Let m(d) = -1325*d**3 - 4*d - 11. Let v be m(-3). Let b = -21341 + v. Is b a composite number?
True
Let b(k) = 24678*k - 40. Let v be b(2). Let a = v + -31797. Is a prime?
True
Suppose 4*n = 3*q - 578901, -63231 - 129752 = -q - 4*n. Is q composite?
False
Let q = 40 + -40. Suppose 0 = -b + 2 - q. Suppose 0 = 4*v + b*w - 718, -3*w - 12 = w. Is v a composite number?
False
Let k be (-10)/15*(-60)/(-8). Suppose -313 = -2*g - 5*x, -495 = -3*g - 0*g + x. Is k*(g/2)/(-2) a composite number?
True
Let j(b) = 32062*b + 73. Is j(12) prime?
True
Suppose 5802447 + 4955897 = 16*w - 5091624. Is w a prime number?
False
Let m be (2/(-3))/(32/48). Let l(f) = 1140*f**2 - 4*f - 5. Is l(m) composite?
True
Suppose 31*h + 101*h = 1892748. Is h a prime number?
False
Let q = 475 + -473. Let z(n) = 1872*n - 7. Is z(q) prime?
False
Let n be ((-5)/1 - 81)/(-2). Let s = 39 - n. Is s/(-14) - (-67587)/91 a composite number?
False
Let l = -34 + 19. Let s be (830 - -5)*((-36)/l - 2). Suppose 2*i = c - s + 83, 4*c + 2*i - 1004 = 0. Is c a prime number?
True
Suppose 0 = 17*b - 1712675 - 4067682. Is b composite?
True
Let k = 11 - -23. Let u = k + -31. Suppose 307 - 2230 = -u*r. Is r composite?
False
Let i(l) = 26*l**2 - 4*l - 5. Suppose 0 = -2*o + 14 - 6. Let p be i(o). Suppose 18*y = 23*y - p. Is y a prime number?
True
Let z = 549 - 545. Suppose -453 = -k + 4*x, -3*k + z*x + 2249 = 2*k. Is k prime?
True
Let m(r) = 2*r**3 - 6*r + 4706. Let f(n) = -n - 1. Let o(v) = -3*f(v) + m(v). Is o(0) a prime number?
False
Let z = -129884 + 491043. Is z a prime number?
True
Let v(b) = b**3 - 10*b**2 - 23*b - 15. Let i be v(12). Let s(d) = -2*d**2 - 8*d - 2. Let l be s(i). Is l/(-7) + 2962/14 composite?
False
Let m = -14 - -19. Suppose m*x - 10022 = 13613. Is x a prime number?
False
Is (1 + -2)/(2/(-128428)*2) composite?
True
Let v(b) = -b**2 + 4*b + 16. Let a be v(5). Let w(k) = 4*k + 73*k + 21 + a*k. Is w(11) a prime number?
False
Is 2052312/264*(-44)/(-4) a prime number?
True
Suppose -2*d - k + 1 = -2, 2*k = 4*d - 18. Suppose 3852 + 1347 = d*z. Is z prime?
True
Suppose 0 = -4*c - 20, -2*c - 1 = -2*j + 13. Suppose u - 7 + 58 = -j*f, f + 27 = u. Is 8298/26 + 4/f a prime number?
False
Let n(f) = 88*f - 25. Let l be 3 + (-6 + 4 - -2). Suppose 51 - 17 = 4*b - q, l*b + 4*q = 16. Is n(b) a composite number?
True
Let f = 389 + 285. Let b = 191 + f. Is b composite?
True
Let a be 4/9 + 28/(-63). Suppose k + 15937 = 7*x - 5*x, x + 3*k - 7986 = a. Is x a composite number?
True
Let n = 4 - 15. Let h = -4 + n. Is (-1 + (-2525)/h)/((-4)/(-6)) a composite number?
False
Suppose -35*i + 571798 = -323887. Is i a composite number?
True
Is 5958/(-72)*(-3 - 2425) a prime number?
False
Let o(k) = 8*k + 11. Let j be o(-1). Suppose 0 = 2*a + 4*i - 694, 2*i + 11 = j. Is a composite?
True
Let l(y) = y**2 - y. Let p(r) = 3*r**2 + 7*r - 15. Let n(j) = 4*l(j) - p(j). Let c be n(10). Suppose 0 = c*v - 4*g - 671, -g = -3*g - 8. Is v composite?
False
Let a(t) = 4*t**3 + 28*t**2 + t + 54. Let n(l) = 3*l**3 + 28*l**2 + 52. Let h(r) = 4*a(r) - 5*n(r). Is h(29) composite?
True
Suppose 64*f = 77*f + 10153. Let o = f - -1260. Is o a prime number?
True
Suppose -21*u + 253 + 251 = 0. Suppose -205838 + 608726 = u*o. Is o prime?
True
Let u = 1006964 + -439629. Is u a prime number?
False
Let f = 5 - 8. Let v(d) = -385*d**2 + 6*d + 1. Let m be v(f). Let l = m + 5639. Is l a composite number?
True
Let g be 4 - (5 - 1) - 0/1. Let l be (1 - g/(-1))*1397. Let b = l + -388. Is b a composite number?
False
Suppose -68899 = -3*k - 19564. Suppose 18*t - k = -4799. Is t composite?
False
Suppose 4*o - 8 = 0, 3*o - 20056 = -2*r - o. Let k = -3995 + r. Is k prime?
True
Let n(a) = a**3 + 32*a**2 + 7*a - 3. Let h be (-1)/(2 - 50/26). Let t be n(h). Suppose g = -3*j + 1052, 2*g = 5*g - 4*j - t. Is g prime?
False
Suppose -5*p - 4*p = -81. Let q be (-18)/(-81) - 4930/(-9). Suppose -p*a + q + 595 = 0. Is a composite?
False
Is 1/(-2)*(-597923 - 63) a prime number?
True
Let n(g) = -172*g**3 + 4*g**2 - 14*g + 65. Let t be n(15). Is (-1 - (-2)/10)/(94/t) prime?
False
Let f = -925325 + 1348794. Is f a composite number?
False
Let f(l) = 3*l**2 + 5*l + 5. Let a be f(7). Suppose a + 1402 = c. Is c a composite number?
True
Let i(l) = -18646*l + 48. Let q be i(-2). Suppose -14*r + 18*r - q = 0. Is r a composite number?
True
Let b = 426 + -421. Suppose b*c = 4*s - 15909 + 1476, c + 14429 = 4*s. Is s a composite number?
False
Let o = 1 + -1. Let m be (-8)/(-8) - (o + -1). Suppose 0 = -2*c - m*c - 3*g + 1184, -20 = 5*g. Is c composite?
True
Suppose 63540248 = 211*k + 114*k - 29*k. Is k a composite number?
False
Suppose 5*a = 2*q + 2347651, 0 = a + 292*q - 289*q - 469520. Is